 534084?
0
What is the millions digit of 1106818?
1
What is the units digit of 12201?
1
What is the ten thousands digit of 27562497?
6
What is the thousands digit of 26696?
6
What is the thousands digit of 4172847?
2
What is the units digit of 722134?
4
What is the millions digit of 9116216?
9
What is the hundred thousands digit of 1311307?
3
What is the hundreds digit of 326040?
0
What is the thousands digit of 11052?
1
What is the ten thousands digit of 1766831?
6
What is the thousands digit of 98295?
8
What is the ten thousands digit of 23334002?
3
What is the tens digit of 449608?
0
What is the millions digit of 6686081?
6
What is the tens digit of 15385628?
2
What is the units digit of 8703134?
4
What is the thousands digit of 705786?
5
What is the ten thousands digit of 1392276?
9
What is the hundreds digit of 1126027?
0
What is the ten thousands digit of 180539?
8
What is the hundreds digit of 745652?
6
What is the hundreds digit of 169716?
7
What is the hundred thousands digit of 1995009?
9
What is the thousands digit of 538583?
8
What is the ten thousands digit of 527197?
2
What is the units digit of 5175197?
7
What is the hundreds digit of 16008903?
9
What is the units digit of 321151?
1
What is the ten millions digit of 17347707?
1
What is the tens digit of 37762846?
4
What is the millions digit of 7641345?
7
What is the thousands digit of 1188085?
8
What is the tens digit of 2881124?
2
What is the tens digit of 380405?
0
What is the thousands digit of 101782?
1
What is the units digit of 3595233?
3
What is the thousands digit of 65318?
5
What is the hundreds digit of 2182771?
7
What is the units digit of 316150?
0
What is the hundreds digit of 238608?
6
What is the thousands digit of 46505?
6
What is the millions digit of 12252309?
2
What is the hundred thousands digit of 1105076?
1
What is the hundred thousands digit of 153688?
1
What is the ten thousands digit of 3321664?
2
What is the hundreds digit of 237565?
5
What is the ten thousands digit of 1202575?
0
What is the tens digit of 4319071?
7
What is the tens digit of 3635996?
9
What is the hundred thousands digit of 5893963?
8
What is the hundred thousands digit of 2874198?
8
What is the hundreds digit of 1246613?
6
What is the millions digit of 6593476?
6
What is the tens digit of 3410866?
6
What is the tens digit of 867747?
4
What is the thousands digit of 5435170?
5
What is the units digit of 230252?
2
What is the ten thousands digit of 12037?
1
What is the hundred thousands digit of 5392079?
3
What is the ten thousands digit of 21465050?
6
What is the tens digit of 6438400?
0
What is the thousands digit of 5701812?
1
What is the ten thousands digit of 9820223?
2
What is the thousands digit of 525031?
5
What is the hundreds digit of 4578637?
6
What is the hundreds digit of 99378?
3
What is the thousands digit of 141999?
1
What is the tens digit of 2845840?
4
What is the ten millions digit of 17298014?
1
What is the tens digit of 147522?
2
What is the thousands digit of 2997580?
7
What is the ten thousands digit of 3919635?
1
What is the hundred thousands digit of 357735?
3
What is the thousands digit of 93559?
3
What is the thousands digit of 84037?
4
What is the tens digit of 802343?
4
What is the ten thousands digit of 2044992?
4
What is the thousands digit of 1902117?
2
What is the ten thousands digit of 2991287?
9
What is the thousands digit of 4825723?
5
What is the tens digit of 1677763?
6
What is the hundreds digit of 2408644?
6
What is the hundreds digit of 829376?
3
What is the hundred thousands digit of 1501746?
5
What is the ten thousands digit of 1581934?
8
What is the tens digit of 10629970?
7
What is the hundreds digit of 129909?
9
What is the hundred thousands digit of 670763?
6
What is the tens digit of 377680?
8
What is the hundred thousands digit of 461698?
4
What is the hundreds digit of 16435668?
6
What is the ten thousands digit of 162517?
6
What is the hundreds digit of 22920320?
3
What is the units digit of 130842?
2
What is the units digit of 128303?
3
What is the hundred thousands digit of 1126905?
1
What is the tens digit of 35235?
3
What is the thousands digit of 852045?
2
What is the ten thousands digit of 7860260?
6
What is the hundred thousands digit of 902510?
9
What is the tens digit of 144678?
7
What is the ten thousands digit of 489725?
8
What is the tens digit of 506935?
3
What is the thousands digit of 730944?
0
What is the thousands digit of 7216060?
6
What is the units digit of 616817?
7
What is the millions digit of 14222580?
4
What is the thousands digit of 6282787?
2
What is the hundred thousands digit of 4714942?
7
What is the hundred thousands digit of 435175?
4
What is the hundred thousands digit of 130507?
1
What is the hundreds digit of 4434051?
0
What is the tens digit of 471659?
5
What is the hundred thousands digit of 1677119?
6
What is the millions digit of 4516128?
4
What is the ten millions digit of 21254809?
2
What is the ten millions digit of 16613406?
1
What is the tens digit of 976?
7
What is the units digit of 77235?
5
What is the hundreds digit of 27291085?
0
What is the tens digit of 7384561?
6
What is the hundreds digit of 1593322?
3
What is the tens digit of 8115748?
4
What is the units digit of 497955?
5
What is the hundreds digit of 154036?
0
What is the units digit of 293264?
4
What is the hundreds digit of 353004?
0
What is the hundreds digit of 229444?
4
What is the units digit of 279892?
2
What is the millions digit of 1275272?
1
What is the hundreds digit of 2064359?
3
What is the hundred thousands digit of 173780?
1
What is the ten millions digit of 18188780?
1
What is the hundred thousands digit of 9386381?
3
What is the ten thousands digit of 245583?
4
What is the thousands digit of 290841?
0
What is the hundred thousands digit of 146679?
1
What is the tens digit of 267007?
0
What is the tens digit of 1635684?
8
What is the thousands digit of 158857?
8
What is the tens digit of 831297?
9
What is the ten thousands digit of 34869?
3
What is the units digit of 236188?
8
What is the thousands digit of 2670971?
0
What is the units digit of 29945631?
1
What is the tens digit of 140184?
8
What is the units digit of 4632174?
4
What is the thousands digit of 9242740?
2
What is the tens digit of 864928?
2
What is the hundreds digit of 6149589?
5
What is the millions digit of 11286435?
1
What is the tens digit of 67552?
5
What is the millions digit of 2661066?
2
What is the thousands digit of 3629585?
9
What is the tens digit of 25562958?
5
What is the units digit of 226827?
7
What is the tens digit of 18264173?
7
What is the ten thousands digit of 9703035?
0
What is the hundred thousands digit of 2152561?
1
What is the ten thousands digit of 862513?
6
What is the hundred thousands digit of 842200?
8
What is the hundred thousands digit of 2233569?
2
What is the ten thousands digit of 3540061?
4
What is the millions digit of 16823457?
6
What is the millions digit of 2248465?
2
What is the millions digit of 8040622?
8
What is the tens digit of 771108?
0
What is the ten thousands digit of 297588?
9
What is the hundred thousands digit of 210847?
2
What is the hundreds digit of 212647?
6
What is the hundreds digit of 605117?
1
What is the units digit of 11784955?
5
What is the millions digit of 1936005?
1
What is the tens digit of 210182?
8
What is the tens digit of 428067?
6
What is the tens digit of 4683134?
3
What is the units digit of 103485?
5
What is the tens digit of 536335?
3
What is the tens digit of 2977686?
8
What is the units digit of 230105?
5
What is the hundred thousands digit of 17263635?
2
What is the thousands digit of 63177?
3
What is the thousands digit of 478908?
8
What is the ten thousands digit of 13165251?
6
What is the ten thousands digit of 1651533?
5
What is the thousands digit of 198728?
8
What is the hundred thousands digit of 328213?
3
What is the thousands digit of 297165?
7
What is the hundred thousands digit of 5431186?
4
What is the hundreds digit of 2959025?
0
What is the thousands digit of 625428?
5
What is the thousands digit of 657776?
7
What is the hundreds digit of 15726688?
6
What is the tens digit of 127003?
0
What is the units digit of 2045774?
4
What is the units digit of